{"id":2792,"date":"2022-01-10T08:45:19","date_gmt":"2022-01-10T08:45:19","guid":{"rendered":"https:\/\/clinicabluemoon.es\/tienda\/?post_type=product&#038;p=2792"},"modified":"2026-01-22T22:41:42","modified_gmt":"2026-01-22T22:41:42","slug":"bio-lip","status":"publish","type":"product","link":"https:\/\/clinicabluemoon.es\/tienda\/producto\/bio-lip\/","title":{"rendered":"Perfilado de labios"},"content":{"rendered":"<p>Perfila e hidrata el labio de forma natural con \u00e1cido hialur\u00f3nico.\u00a0<strong>Es un tratamiento muy demandado por las modelos y actrices por su naturalidad y tiene resultados desde el primer momento.<\/strong><\/p>\n<p>Para realizarlo, utilizamos un \u00e1cido hialur\u00f3nico reticulado tipo II para crear densidad en el contorno del labio. Escogemos este \u00e1cido porque es un componente esencial del tejido conjuntivo. Adem\u00e1s, capta y retiene mol\u00e9culas de agua, imprescindibles para mantener la correcta\u00a0 hidrataci\u00f3n de la piel y mantener los tejidos del labio con ese aspecto \u201cjugoso\u201d.<\/p>\n<p><strong>No se debe confundir el perfilado de labios con el relleno<\/strong>, ya que son tratamientos diferentes que se pueden realizar de forma conjunta o por separado. En Cl\u00ednicas blue moon puedes pedir cita gratuita y sin compromiso donde te haremos un diagn\u00f3stico para indicarte cu\u00e1l es el mejor tratamiento para tus labios.<\/p>\n<p>&nbsp;<\/p>\n","protected":false},"excerpt":{"rendered":"<p>Perfila e hidrata el labio de forma natural con \u00e1cido hialur\u00f3nico.\u00a0Es un tratamiento muy demandado por las modelos y actrices por su naturalidad y tiene resultados desde el primer momento. Para realizarlo, utilizamos un \u00e1cido hialur\u00f3nico reticulado tipo II para crear densidad en el contorno del labio. Escogemos este \u00e1cido porque es un componente esencial [&hellip;]<\/p>\n","protected":false},"featured_media":3656,"comment_status":"open","ping_status":"closed","template":"","meta":{"_et_pb_use_builder":"","_et_pb_old_content":"","_et_gb_content_width":""},"product_brand":[],"product_cat":[103,82,58],"product_tag":[],"class_list":{"0":"post-2792","1":"product","2":"type-product","3":"status-publish","4":"has-post-thumbnail","6":"product_cat-blackfriday","7":"product_cat-rebajas-tratamientos-faciales","8":"product_cat-tratamientos-faciales","10":"first","11":"instock","12":"purchasable","13":"product-type-simple"},"yoast_head":"<!-- This site is optimized with the Yoast SEO plugin v27.6 - https:\/\/yoast.com\/product\/yoast-seo-wordpress\/ -->\n<title>Perfilado de labios - Tienda online de Est&eacute;tica<\/title>\n<meta name=\"robots\" content=\"index, follow, max-snippet:-1, max-image-preview:large, max-video-preview:-1\" \/>\n<link rel=\"canonical\" href=\"https:\/\/clinicabluemoon.es\/tienda\/producto\/bio-lip\/\" \/>\n<meta property=\"og:locale\" content=\"es_ES\" \/>\n<meta property=\"og:type\" content=\"article\" \/>\n<meta property=\"og:title\" content=\"Perfilado de labios - Tienda online de Est&eacute;tica\" \/>\n<meta property=\"og:description\" content=\"Perfila e hidrata el labio de forma natural con \u00e1cido hialur\u00f3nico.\u00a0Es un tratamiento muy demandado por las modelos y actrices por su naturalidad y tiene resultados desde el primer momento. Para realizarlo, utilizamos un \u00e1cido hialur\u00f3nico reticulado tipo II para crear densidad en el contorno del labio. Escogemos este \u00e1cido porque es un componente esencial [&hellip;]\" \/>\n<meta property=\"og:url\" content=\"https:\/\/clinicabluemoon.es\/tienda\/producto\/bio-lip\/\" \/>\n<meta property=\"og:site_name\" content=\"Tienda online de Est&eacute;tica\" \/>\n<meta property=\"article:modified_time\" content=\"2026-01-22T22:41:42+00:00\" \/>\n<meta property=\"og:image\" content=\"https:\/\/clinicabluemoon.es\/tienda\/wp-content\/uploads\/2026\/01\/4.png\" \/>\n\t<meta property=\"og:image:width\" content=\"1080\" \/>\n\t<meta property=\"og:image:height\" content=\"1350\" \/>\n\t<meta property=\"og:image:type\" content=\"image\/png\" \/>\n<meta name=\"twitter:card\" content=\"summary_large_image\" \/>\n<meta name=\"twitter:label1\" content=\"Tiempo de lectura\" \/>\n\t<meta name=\"twitter:data1\" content=\"1 minuto\" \/>\n<script type=\"application\/ld+json\" class=\"yoast-schema-graph\">{\"@context\":\"https:\\\/\\\/schema.org\",\"@graph\":[{\"@type\":\"WebPage\",\"@id\":\"https:\\\/\\\/clinicabluemoon.es\\\/tienda\\\/producto\\\/bio-lip\\\/\",\"url\":\"https:\\\/\\\/clinicabluemoon.es\\\/tienda\\\/producto\\\/bio-lip\\\/\",\"name\":\"Perfilado de labios - Tienda online de Est&eacute;tica\",\"isPartOf\":{\"@id\":\"https:\\\/\\\/clinicabluemoon.es\\\/tienda\\\/#website\"},\"primaryImageOfPage\":{\"@id\":\"https:\\\/\\\/clinicabluemoon.es\\\/tienda\\\/producto\\\/bio-lip\\\/#primaryimage\"},\"image\":{\"@id\":\"https:\\\/\\\/clinicabluemoon.es\\\/tienda\\\/producto\\\/bio-lip\\\/#primaryimage\"},\"thumbnailUrl\":\"https:\\\/\\\/clinicabluemoon.es\\\/tienda\\\/wp-content\\\/uploads\\\/2026\\\/01\\\/4.png\",\"datePublished\":\"2022-01-10T08:45:19+00:00\",\"dateModified\":\"2026-01-22T22:41:42+00:00\",\"breadcrumb\":{\"@id\":\"https:\\\/\\\/clinicabluemoon.es\\\/tienda\\\/producto\\\/bio-lip\\\/#breadcrumb\"},\"inLanguage\":\"es\",\"potentialAction\":[{\"@type\":\"ReadAction\",\"target\":[\"https:\\\/\\\/clinicabluemoon.es\\\/tienda\\\/producto\\\/bio-lip\\\/\"]}]},{\"@type\":\"ImageObject\",\"inLanguage\":\"es\",\"@id\":\"https:\\\/\\\/clinicabluemoon.es\\\/tienda\\\/producto\\\/bio-lip\\\/#primaryimage\",\"url\":\"https:\\\/\\\/clinicabluemoon.es\\\/tienda\\\/wp-content\\\/uploads\\\/2026\\\/01\\\/4.png\",\"contentUrl\":\"https:\\\/\\\/clinicabluemoon.es\\\/tienda\\\/wp-content\\\/uploads\\\/2026\\\/01\\\/4.png\",\"width\":1080,\"height\":1350},{\"@type\":\"BreadcrumbList\",\"@id\":\"https:\\\/\\\/clinicabluemoon.es\\\/tienda\\\/producto\\\/bio-lip\\\/#breadcrumb\",\"itemListElement\":[{\"@type\":\"ListItem\",\"position\":1,\"name\":\"Inicio\",\"item\":\"https:\\\/\\\/clinicabluemoon.es\\\/tienda\\\/\"},{\"@type\":\"ListItem\",\"position\":2,\"name\":\"Shop\",\"item\":\"https:\\\/\\\/clinicabluemoon.es\\\/tienda\\\/shop\\\/\"},{\"@type\":\"ListItem\",\"position\":3,\"name\":\"Perfilado de labios\"}]},{\"@type\":\"WebSite\",\"@id\":\"https:\\\/\\\/clinicabluemoon.es\\\/tienda\\\/#website\",\"url\":\"https:\\\/\\\/clinicabluemoon.es\\\/tienda\\\/\",\"name\":\"Tienda online de Est&eacute;tica\",\"description\":\"Tienda online de Cl&iacute;nicas blue moon de Medicina y Cirug&iacute;a est&eacute;tica\",\"potentialAction\":[{\"@type\":\"SearchAction\",\"target\":{\"@type\":\"EntryPoint\",\"urlTemplate\":\"https:\\\/\\\/clinicabluemoon.es\\\/tienda\\\/?s={search_term_string}\"},\"query-input\":{\"@type\":\"PropertyValueSpecification\",\"valueRequired\":true,\"valueName\":\"search_term_string\"}}],\"inLanguage\":\"es\"}]}<\/script>\n<!-- \/ Yoast SEO plugin. -->","yoast_head_json":{"title":"Perfilado de labios - Tienda online de Est&eacute;tica","robots":{"index":"index","follow":"follow","max-snippet":"max-snippet:-1","max-image-preview":"max-image-preview:large","max-video-preview":"max-video-preview:-1"},"canonical":"https:\/\/clinicabluemoon.es\/tienda\/producto\/bio-lip\/","og_locale":"es_ES","og_type":"article","og_title":"Perfilado de labios - Tienda online de Est&eacute;tica","og_description":"Perfila e hidrata el labio de forma natural con \u00e1cido hialur\u00f3nico.\u00a0Es un tratamiento muy demandado por las modelos y actrices por su naturalidad y tiene resultados desde el primer momento. Para realizarlo, utilizamos un \u00e1cido hialur\u00f3nico reticulado tipo II para crear densidad en el contorno del labio. Escogemos este \u00e1cido porque es un componente esencial [&hellip;]","og_url":"https:\/\/clinicabluemoon.es\/tienda\/producto\/bio-lip\/","og_site_name":"Tienda online de Est&eacute;tica","article_modified_time":"2026-01-22T22:41:42+00:00","og_image":[{"width":1080,"height":1350,"url":"https:\/\/clinicabluemoon.es\/tienda\/wp-content\/uploads\/2026\/01\/4.png","type":"image\/png"}],"twitter_card":"summary_large_image","twitter_misc":{"Tiempo de lectura":"1 minuto"},"schema":{"@context":"https:\/\/schema.org","@graph":[{"@type":"WebPage","@id":"https:\/\/clinicabluemoon.es\/tienda\/producto\/bio-lip\/","url":"https:\/\/clinicabluemoon.es\/tienda\/producto\/bio-lip\/","name":"Perfilado de labios - Tienda online de Est&eacute;tica","isPartOf":{"@id":"https:\/\/clinicabluemoon.es\/tienda\/#website"},"primaryImageOfPage":{"@id":"https:\/\/clinicabluemoon.es\/tienda\/producto\/bio-lip\/#primaryimage"},"image":{"@id":"https:\/\/clinicabluemoon.es\/tienda\/producto\/bio-lip\/#primaryimage"},"thumbnailUrl":"https:\/\/clinicabluemoon.es\/tienda\/wp-content\/uploads\/2026\/01\/4.png","datePublished":"2022-01-10T08:45:19+00:00","dateModified":"2026-01-22T22:41:42+00:00","breadcrumb":{"@id":"https:\/\/clinicabluemoon.es\/tienda\/producto\/bio-lip\/#breadcrumb"},"inLanguage":"es","potentialAction":[{"@type":"ReadAction","target":["https:\/\/clinicabluemoon.es\/tienda\/producto\/bio-lip\/"]}]},{"@type":"ImageObject","inLanguage":"es","@id":"https:\/\/clinicabluemoon.es\/tienda\/producto\/bio-lip\/#primaryimage","url":"https:\/\/clinicabluemoon.es\/tienda\/wp-content\/uploads\/2026\/01\/4.png","contentUrl":"https:\/\/clinicabluemoon.es\/tienda\/wp-content\/uploads\/2026\/01\/4.png","width":1080,"height":1350},{"@type":"BreadcrumbList","@id":"https:\/\/clinicabluemoon.es\/tienda\/producto\/bio-lip\/#breadcrumb","itemListElement":[{"@type":"ListItem","position":1,"name":"Inicio","item":"https:\/\/clinicabluemoon.es\/tienda\/"},{"@type":"ListItem","position":2,"name":"Shop","item":"https:\/\/clinicabluemoon.es\/tienda\/shop\/"},{"@type":"ListItem","position":3,"name":"Perfilado de labios"}]},{"@type":"WebSite","@id":"https:\/\/clinicabluemoon.es\/tienda\/#website","url":"https:\/\/clinicabluemoon.es\/tienda\/","name":"Tienda online de Est&eacute;tica","description":"Tienda online de Cl&iacute;nicas blue moon de Medicina y Cirug&iacute;a est&eacute;tica","potentialAction":[{"@type":"SearchAction","target":{"@type":"EntryPoint","urlTemplate":"https:\/\/clinicabluemoon.es\/tienda\/?s={search_term_string}"},"query-input":{"@type":"PropertyValueSpecification","valueRequired":true,"valueName":"search_term_string"}}],"inLanguage":"es"}]}},"_links":{"self":[{"href":"https:\/\/clinicabluemoon.es\/tienda\/wp-json\/wp\/v2\/product\/2792","targetHints":{"allow":["GET"]}}],"collection":[{"href":"https:\/\/clinicabluemoon.es\/tienda\/wp-json\/wp\/v2\/product"}],"about":[{"href":"https:\/\/clinicabluemoon.es\/tienda\/wp-json\/wp\/v2\/types\/product"}],"replies":[{"embeddable":true,"href":"https:\/\/clinicabluemoon.es\/tienda\/wp-json\/wp\/v2\/comments?post=2792"}],"wp:featuredmedia":[{"embeddable":true,"href":"https:\/\/clinicabluemoon.es\/tienda\/wp-json\/wp\/v2\/media\/3656"}],"wp:attachment":[{"href":"https:\/\/clinicabluemoon.es\/tienda\/wp-json\/wp\/v2\/media?parent=2792"}],"wp:term":[{"taxonomy":"product_brand","embeddable":true,"href":"https:\/\/clinicabluemoon.es\/tienda\/wp-json\/wp\/v2\/product_brand?post=2792"},{"taxonomy":"product_cat","embeddable":true,"href":"https:\/\/clinicabluemoon.es\/tienda\/wp-json\/wp\/v2\/product_cat?post=2792"},{"taxonomy":"product_tag","embeddable":true,"href":"https:\/\/clinicabluemoon.es\/tienda\/wp-json\/wp\/v2\/product_tag?post=2792"}],"curies":[{"name":"wp","href":"https:\/\/api.w.org\/{rel}","templated":true}]}}