{"id":2900,"date":"2022-04-29T08:33:19","date_gmt":"2022-04-29T08:33:19","guid":{"rendered":"https:\/\/clinicabluemoon.es\/tienda\/?post_type=product&#038;p=2900"},"modified":"2026-01-22T23:32:08","modified_gmt":"2026-01-22T23:32:08","slug":"bono-5-sesiones-depilacion-laser-soprano-zona-pequena","status":"publish","type":"product","link":"https:\/\/clinicabluemoon.es\/tienda\/producto\/bono-5-sesiones-depilacion-laser-soprano-zona-pequena\/","title":{"rendered":"Bono 5 Sesiones Depilaci\u00f3n L\u00e1ser Soprano Zona Peque\u00f1a"},"content":{"rendered":"<h3 data-start=\"2045\" data-end=\"2088\">\u2728 <strong data-start=\"2051\" data-end=\"2086\">Depilaci\u00f3n L\u00e1ser \u2013 Zona Peque\u00f1a<\/strong><\/h3>\n<p data-start=\"955\" data-end=\"1271\">La <strong data-start=\"958\" data-end=\"990\">Depilaci\u00f3n L\u00e1ser Soprano SRL<\/strong> es una de las tecnolog\u00edas m\u00e1s avanzadas del mercado: <strong data-start=\"1044\" data-end=\"1096\">indolora, segura y eficaz en todo tipo de pieles<\/strong>.<br data-start=\"1097\" data-end=\"1100\" \/>Gracias a su sistema SHR, act\u00faa progresivamente sobre el fol\u00edculo sin causar molestias, convirti\u00e9ndose en el tratamiento ideal para zonas sensibles o de vello m\u00e1s rebelde.<\/p>\n<p data-start=\"1273\" data-end=\"1393\">Este pack est\u00e1 pensado para tratar las <strong data-start=\"1312\" data-end=\"1330\">zonas peque\u00f1as<\/strong>, esas que requieren precisi\u00f3n, comodidad y resultados r\u00e1pidos.<\/p>\n<hr data-start=\"1395\" data-end=\"1398\" \/>\n<h2 data-start=\"1400\" data-end=\"1433\">\ud83c\udf1f <strong data-start=\"1406\" data-end=\"1433\">Zonas peque\u00f1as a elegir<\/strong><\/h2>\n<p data-start=\"1435\" data-end=\"1460\">Elige una de estas zonas:<\/p>\n<ul data-start=\"1462\" data-end=\"1580\">\n<li data-start=\"1462\" data-end=\"1484\">\n<p data-start=\"1464\" data-end=\"1484\"><strong data-start=\"1464\" data-end=\"1482\">Labio superior<\/strong><\/p>\n<\/li>\n<li data-start=\"1485\" data-end=\"1499\">\n<p data-start=\"1487\" data-end=\"1499\"><strong data-start=\"1487\" data-end=\"1497\">Axilas<\/strong><\/p>\n<\/li>\n<li data-start=\"1500\" data-end=\"1514\">\n<p data-start=\"1502\" data-end=\"1514\"><strong data-start=\"1502\" data-end=\"1512\">Ment\u00f3n<\/strong><\/p>\n<\/li>\n<li data-start=\"1515\" data-end=\"1531\">\n<p data-start=\"1517\" data-end=\"1531\"><strong data-start=\"1517\" data-end=\"1529\">Patillas<\/strong><\/p>\n<\/li>\n<li data-start=\"1532\" data-end=\"1550\">\n<p data-start=\"1534\" data-end=\"1550\"><strong data-start=\"1534\" data-end=\"1548\">L\u00ednea alba<\/strong><\/p>\n<\/li>\n<li data-start=\"1551\" data-end=\"1567\">\n<p data-start=\"1553\" data-end=\"1567\"><strong data-start=\"1553\" data-end=\"1565\">Perianal<\/strong><\/p>\n<\/li>\n<li data-start=\"1568\" data-end=\"1580\">\n<p data-start=\"1570\" data-end=\"1580\"><strong data-start=\"1570\" data-end=\"1578\">Nuca<\/strong><\/p>\n<\/li>\n<\/ul>\n<p data-start=\"1582\" data-end=\"1645\">Ideales para conseguir una piel suave, limpia y sin irritaci\u00f3n.<\/p>\n<hr data-start=\"1647\" data-end=\"1650\" \/>\n<h2 data-start=\"1652\" data-end=\"1694\">\ud83d\udd25 <strong data-start=\"1658\" data-end=\"1694\">Beneficios del L\u00e1ser Soprano SRL<\/strong><\/h2>\n<ul data-start=\"1696\" data-end=\"2008\">\n<li data-start=\"1696\" data-end=\"1727\">\n<p data-start=\"1698\" data-end=\"1727\">\u2714\ufe0f Tratamiento <strong data-start=\"1713\" data-end=\"1725\">indoloro<\/strong><\/p>\n<\/li>\n<li data-start=\"1728\" data-end=\"1785\">\n<p data-start=\"1730\" data-end=\"1785\">\u2714\ufe0f Apto para <strong data-start=\"1743\" data-end=\"1766\">todo tipo de pieles<\/strong>, incluso morenas<\/p>\n<\/li>\n<li data-start=\"1786\" data-end=\"1812\">\n<p data-start=\"1788\" data-end=\"1812\">\u2714\ufe0f R\u00e1pido y muy c\u00f3modo<\/p>\n<\/li>\n<li data-start=\"1813\" data-end=\"1859\">\n<p data-start=\"1815\" data-end=\"1859\">\u2714\ufe0f Reduce el vello desde la primera sesi\u00f3n<\/p>\n<\/li>\n<li data-start=\"1860\" data-end=\"1896\">\n<p data-start=\"1862\" data-end=\"1896\">\u2714\ufe0f Perfecto para zonas sensibles<\/p>\n<\/li>\n<li data-start=\"1897\" data-end=\"1935\">\n<p data-start=\"1899\" data-end=\"1935\">\u2714\ufe0f Resultados duraderos y eficaces<\/p>\n<\/li>\n<li data-start=\"1936\" data-end=\"2008\">\n<p data-start=\"1938\" data-end=\"2008\">\u2714\ufe0f Sin quemaduras ni irritaci\u00f3n gracias a su sistema de enfriamiento<\/p>\n<\/li>\n<\/ul>\n<p>Precio por 5 sesiones.<\/p>\n","protected":false},"excerpt":{"rendered":"<p>\u2728 Depilaci\u00f3n L\u00e1ser \u2013 Zona Peque\u00f1a La Depilaci\u00f3n L\u00e1ser Soprano SRL es una de las tecnolog\u00edas m\u00e1s avanzadas del mercado: indolora, segura y eficaz en todo tipo de pieles.Gracias a su sistema SHR, act\u00faa progresivamente sobre el fol\u00edculo sin causar molestias, convirti\u00e9ndose en el tratamiento ideal para zonas sensibles o de vello m\u00e1s rebelde. Este [&hellip;]<\/p>\n","protected":false},"featured_media":3650,"comment_status":"open","ping_status":"closed","template":"","meta":{"_et_pb_use_builder":"off","_et_pb_old_content":"Es un tratamiento duradero para acabar con las ojeras y tener siempre una mirada descansada.\u00a0 \u00bfEst\u00e1s harto\/a de probar m\u00e9todos para acabar con las ojeras y ninguno funciona? \u00bfQuieres un tratamiento duradero que te permita tener siempre una mirada descansada, con un contorno de ojos liso e iluminado? Si es as\u00ed, el nuevo tratamiento Bio-eye-lift de Cl\u00ednicas Blue Moon en Madrid, es para ti.\r\n\r\nPrecio por sesi\u00f3n.","_et_gb_content_width":""},"product_brand":[],"product_cat":[103,59,83],"product_tag":[],"class_list":{"0":"post-2900","1":"product","2":"type-product","3":"status-publish","4":"has-post-thumbnail","6":"product_cat-blackfriday","7":"product_cat-depilacion-laser-soprano","8":"product_cat-rebajas-depilacion","10":"first","11":"instock","12":"purchasable","13":"product-type-simple"},"yoast_head":"<!-- This site is optimized with the Yoast SEO plugin v27.6 - https:\/\/yoast.com\/product\/yoast-seo-wordpress\/ -->\n<title>Bono 5 Sesiones Depilaci\u00f3n L\u00e1ser Soprano Zona Peque\u00f1a - Tienda online de Est&eacute;tica<\/title>\n<meta name=\"robots\" content=\"index, follow, max-snippet:-1, max-image-preview:large, max-video-preview:-1\" \/>\n<link rel=\"canonical\" href=\"https:\/\/clinicabluemoon.es\/tienda\/producto\/bono-5-sesiones-depilacion-laser-soprano-zona-pequena\/\" \/>\n<meta property=\"og:locale\" content=\"es_ES\" \/>\n<meta property=\"og:type\" content=\"article\" \/>\n<meta property=\"og:title\" content=\"Bono 5 Sesiones Depilaci\u00f3n L\u00e1ser Soprano Zona Peque\u00f1a - Tienda online de Est&eacute;tica\" \/>\n<meta property=\"og:description\" content=\"\u2728 Depilaci\u00f3n L\u00e1ser \u2013 Zona Peque\u00f1a La Depilaci\u00f3n L\u00e1ser Soprano SRL es una de las tecnolog\u00edas m\u00e1s avanzadas del mercado: indolora, segura y eficaz en todo tipo de pieles.Gracias a su sistema SHR, act\u00faa progresivamente sobre el fol\u00edculo sin causar molestias, convirti\u00e9ndose en el tratamiento ideal para zonas sensibles o de vello m\u00e1s rebelde. Este [&hellip;]\" \/>\n<meta property=\"og:url\" content=\"https:\/\/clinicabluemoon.es\/tienda\/producto\/bono-5-sesiones-depilacion-laser-soprano-zona-pequena\/\" \/>\n<meta property=\"og:site_name\" content=\"Tienda online de Est&eacute;tica\" \/>\n<meta property=\"article:modified_time\" content=\"2026-01-22T23:32:08+00:00\" \/>\n<meta property=\"og:image\" content=\"https:\/\/clinicabluemoon.es\/tienda\/wp-content\/uploads\/2026\/01\/21.png\" \/>\n\t<meta property=\"og:image:width\" content=\"1080\" \/>\n\t<meta property=\"og:image:height\" content=\"1350\" \/>\n\t<meta property=\"og:image:type\" content=\"image\/png\" \/>\n<meta name=\"twitter:card\" content=\"summary_large_image\" \/>\n<meta name=\"twitter:label1\" content=\"Tiempo de lectura\" \/>\n\t<meta name=\"twitter:data1\" content=\"1 minuto\" \/>\n<script type=\"application\/ld+json\" class=\"yoast-schema-graph\">{\"@context\":\"https:\\\/\\\/schema.org\",\"@graph\":[{\"@type\":\"WebPage\",\"@id\":\"https:\\\/\\\/clinicabluemoon.es\\\/tienda\\\/producto\\\/bono-5-sesiones-depilacion-laser-soprano-zona-pequena\\\/\",\"url\":\"https:\\\/\\\/clinicabluemoon.es\\\/tienda\\\/producto\\\/bono-5-sesiones-depilacion-laser-soprano-zona-pequena\\\/\",\"name\":\"Bono 5 Sesiones Depilaci\u00f3n L\u00e1ser Soprano Zona Peque\u00f1a - Tienda online de Est&eacute;tica\",\"isPartOf\":{\"@id\":\"https:\\\/\\\/clinicabluemoon.es\\\/tienda\\\/#website\"},\"primaryImageOfPage\":{\"@id\":\"https:\\\/\\\/clinicabluemoon.es\\\/tienda\\\/producto\\\/bono-5-sesiones-depilacion-laser-soprano-zona-pequena\\\/#primaryimage\"},\"image\":{\"@id\":\"https:\\\/\\\/clinicabluemoon.es\\\/tienda\\\/producto\\\/bono-5-sesiones-depilacion-laser-soprano-zona-pequena\\\/#primaryimage\"},\"thumbnailUrl\":\"https:\\\/\\\/clinicabluemoon.es\\\/tienda\\\/wp-content\\\/uploads\\\/2026\\\/01\\\/21.png\",\"datePublished\":\"2022-04-29T08:33:19+00:00\",\"dateModified\":\"2026-01-22T23:32:08+00:00\",\"breadcrumb\":{\"@id\":\"https:\\\/\\\/clinicabluemoon.es\\\/tienda\\\/producto\\\/bono-5-sesiones-depilacion-laser-soprano-zona-pequena\\\/#breadcrumb\"},\"inLanguage\":\"es\",\"potentialAction\":[{\"@type\":\"ReadAction\",\"target\":[\"https:\\\/\\\/clinicabluemoon.es\\\/tienda\\\/producto\\\/bono-5-sesiones-depilacion-laser-soprano-zona-pequena\\\/\"]}]},{\"@type\":\"ImageObject\",\"inLanguage\":\"es\",\"@id\":\"https:\\\/\\\/clinicabluemoon.es\\\/tienda\\\/producto\\\/bono-5-sesiones-depilacion-laser-soprano-zona-pequena\\\/#primaryimage\",\"url\":\"https:\\\/\\\/clinicabluemoon.es\\\/tienda\\\/wp-content\\\/uploads\\\/2026\\\/01\\\/21.png\",\"contentUrl\":\"https:\\\/\\\/clinicabluemoon.es\\\/tienda\\\/wp-content\\\/uploads\\\/2026\\\/01\\\/21.png\",\"width\":1080,\"height\":1350},{\"@type\":\"BreadcrumbList\",\"@id\":\"https:\\\/\\\/clinicabluemoon.es\\\/tienda\\\/producto\\\/bono-5-sesiones-depilacion-laser-soprano-zona-pequena\\\/#breadcrumb\",\"itemListElement\":[{\"@type\":\"ListItem\",\"position\":1,\"name\":\"Inicio\",\"item\":\"https:\\\/\\\/clinicabluemoon.es\\\/tienda\\\/\"},{\"@type\":\"ListItem\",\"position\":2,\"name\":\"Shop\",\"item\":\"https:\\\/\\\/clinicabluemoon.es\\\/tienda\\\/shop\\\/\"},{\"@type\":\"ListItem\",\"position\":3,\"name\":\"Bono 5 Sesiones Depilaci\u00f3n L\u00e1ser Soprano Zona Peque\u00f1a\"}]},{\"@type\":\"WebSite\",\"@id\":\"https:\\\/\\\/clinicabluemoon.es\\\/tienda\\\/#website\",\"url\":\"https:\\\/\\\/clinicabluemoon.es\\\/tienda\\\/\",\"name\":\"Tienda online de Est&eacute;tica\",\"description\":\"Tienda online de Cl&iacute;nicas blue moon de Medicina y Cirug&iacute;a est&eacute;tica\",\"potentialAction\":[{\"@type\":\"SearchAction\",\"target\":{\"@type\":\"EntryPoint\",\"urlTemplate\":\"https:\\\/\\\/clinicabluemoon.es\\\/tienda\\\/?s={search_term_string}\"},\"query-input\":{\"@type\":\"PropertyValueSpecification\",\"valueRequired\":true,\"valueName\":\"search_term_string\"}}],\"inLanguage\":\"es\"}]}<\/script>\n<!-- \/ Yoast SEO plugin. -->","yoast_head_json":{"title":"Bono 5 Sesiones Depilaci\u00f3n L\u00e1ser Soprano Zona Peque\u00f1a - Tienda online de Est&eacute;tica","robots":{"index":"index","follow":"follow","max-snippet":"max-snippet:-1","max-image-preview":"max-image-preview:large","max-video-preview":"max-video-preview:-1"},"canonical":"https:\/\/clinicabluemoon.es\/tienda\/producto\/bono-5-sesiones-depilacion-laser-soprano-zona-pequena\/","og_locale":"es_ES","og_type":"article","og_title":"Bono 5 Sesiones Depilaci\u00f3n L\u00e1ser Soprano Zona Peque\u00f1a - Tienda online de Est&eacute;tica","og_description":"\u2728 Depilaci\u00f3n L\u00e1ser \u2013 Zona Peque\u00f1a La Depilaci\u00f3n L\u00e1ser Soprano SRL es una de las tecnolog\u00edas m\u00e1s avanzadas del mercado: indolora, segura y eficaz en todo tipo de pieles.Gracias a su sistema SHR, act\u00faa progresivamente sobre el fol\u00edculo sin causar molestias, convirti\u00e9ndose en el tratamiento ideal para zonas sensibles o de vello m\u00e1s rebelde. Este [&hellip;]","og_url":"https:\/\/clinicabluemoon.es\/tienda\/producto\/bono-5-sesiones-depilacion-laser-soprano-zona-pequena\/","og_site_name":"Tienda online de Est&eacute;tica","article_modified_time":"2026-01-22T23:32:08+00:00","og_image":[{"width":1080,"height":1350,"url":"https:\/\/clinicabluemoon.es\/tienda\/wp-content\/uploads\/2026\/01\/21.png","type":"image\/png"}],"twitter_card":"summary_large_image","twitter_misc":{"Tiempo de lectura":"1 minuto"},"schema":{"@context":"https:\/\/schema.org","@graph":[{"@type":"WebPage","@id":"https:\/\/clinicabluemoon.es\/tienda\/producto\/bono-5-sesiones-depilacion-laser-soprano-zona-pequena\/","url":"https:\/\/clinicabluemoon.es\/tienda\/producto\/bono-5-sesiones-depilacion-laser-soprano-zona-pequena\/","name":"Bono 5 Sesiones Depilaci\u00f3n L\u00e1ser Soprano Zona Peque\u00f1a - Tienda online de Est&eacute;tica","isPartOf":{"@id":"https:\/\/clinicabluemoon.es\/tienda\/#website"},"primaryImageOfPage":{"@id":"https:\/\/clinicabluemoon.es\/tienda\/producto\/bono-5-sesiones-depilacion-laser-soprano-zona-pequena\/#primaryimage"},"image":{"@id":"https:\/\/clinicabluemoon.es\/tienda\/producto\/bono-5-sesiones-depilacion-laser-soprano-zona-pequena\/#primaryimage"},"thumbnailUrl":"https:\/\/clinicabluemoon.es\/tienda\/wp-content\/uploads\/2026\/01\/21.png","datePublished":"2022-04-29T08:33:19+00:00","dateModified":"2026-01-22T23:32:08+00:00","breadcrumb":{"@id":"https:\/\/clinicabluemoon.es\/tienda\/producto\/bono-5-sesiones-depilacion-laser-soprano-zona-pequena\/#breadcrumb"},"inLanguage":"es","potentialAction":[{"@type":"ReadAction","target":["https:\/\/clinicabluemoon.es\/tienda\/producto\/bono-5-sesiones-depilacion-laser-soprano-zona-pequena\/"]}]},{"@type":"ImageObject","inLanguage":"es","@id":"https:\/\/clinicabluemoon.es\/tienda\/producto\/bono-5-sesiones-depilacion-laser-soprano-zona-pequena\/#primaryimage","url":"https:\/\/clinicabluemoon.es\/tienda\/wp-content\/uploads\/2026\/01\/21.png","contentUrl":"https:\/\/clinicabluemoon.es\/tienda\/wp-content\/uploads\/2026\/01\/21.png","width":1080,"height":1350},{"@type":"BreadcrumbList","@id":"https:\/\/clinicabluemoon.es\/tienda\/producto\/bono-5-sesiones-depilacion-laser-soprano-zona-pequena\/#breadcrumb","itemListElement":[{"@type":"ListItem","position":1,"name":"Inicio","item":"https:\/\/clinicabluemoon.es\/tienda\/"},{"@type":"ListItem","position":2,"name":"Shop","item":"https:\/\/clinicabluemoon.es\/tienda\/shop\/"},{"@type":"ListItem","position":3,"name":"Bono 5 Sesiones Depilaci\u00f3n L\u00e1ser Soprano Zona Peque\u00f1a"}]},{"@type":"WebSite","@id":"https:\/\/clinicabluemoon.es\/tienda\/#website","url":"https:\/\/clinicabluemoon.es\/tienda\/","name":"Tienda online de Est&eacute;tica","description":"Tienda online de Cl&iacute;nicas blue moon de Medicina y Cirug&iacute;a est&eacute;tica","potentialAction":[{"@type":"SearchAction","target":{"@type":"EntryPoint","urlTemplate":"https:\/\/clinicabluemoon.es\/tienda\/?s={search_term_string}"},"query-input":{"@type":"PropertyValueSpecification","valueRequired":true,"valueName":"search_term_string"}}],"inLanguage":"es"}]}},"_links":{"self":[{"href":"https:\/\/clinicabluemoon.es\/tienda\/wp-json\/wp\/v2\/product\/2900","targetHints":{"allow":["GET"]}}],"collection":[{"href":"https:\/\/clinicabluemoon.es\/tienda\/wp-json\/wp\/v2\/product"}],"about":[{"href":"https:\/\/clinicabluemoon.es\/tienda\/wp-json\/wp\/v2\/types\/product"}],"replies":[{"embeddable":true,"href":"https:\/\/clinicabluemoon.es\/tienda\/wp-json\/wp\/v2\/comments?post=2900"}],"wp:featuredmedia":[{"embeddable":true,"href":"https:\/\/clinicabluemoon.es\/tienda\/wp-json\/wp\/v2\/media\/3650"}],"wp:attachment":[{"href":"https:\/\/clinicabluemoon.es\/tienda\/wp-json\/wp\/v2\/media?parent=2900"}],"wp:term":[{"taxonomy":"product_brand","embeddable":true,"href":"https:\/\/clinicabluemoon.es\/tienda\/wp-json\/wp\/v2\/product_brand?post=2900"},{"taxonomy":"product_cat","embeddable":true,"href":"https:\/\/clinicabluemoon.es\/tienda\/wp-json\/wp\/v2\/product_cat?post=2900"},{"taxonomy":"product_tag","embeddable":true,"href":"https:\/\/clinicabluemoon.es\/tienda\/wp-json\/wp\/v2\/product_tag?post=2900"}],"curies":[{"name":"wp","href":"https:\/\/api.w.org\/{rel}","templated":true}]}}